9
What are the prime factors of 549999?
3, 23, 2657
List the prime factors of 80691.
3, 13, 2069
List the prime factors of 1298751.
3, 47, 61, 151
What are the prime factors of 518109?
3, 17, 10159
List the prime factors of 2593243.
31, 83653
What are the prime factors of 575433?
3, 17, 3761
List the prime factors of 612477.
3, 68053
What are the prime factors of 203430?
2, 3, 5, 6781
List the prime factors of 620180.
2, 5, 11, 2819
List the prime factors of 144738.
2, 3, 11, 17, 43
What are the prime factors of 11762277?
3, 3920759
List the prime factors of 3006429.
3, 1002143
List the prime factors of 7526816.
2, 11, 21383
What are the prime factors of 870014?
2, 59, 73, 101
What are the prime factors of 97747?
13, 73, 103
What are the prime factors of 2344821?
3, 781607
List the prime factors of 4407172.
2, 7, 11, 41, 349
What are the prime factors of 997969?
7, 142567
List the prime factors of 1075501.
7, 47, 467
What are the prime factors of 924266?
2, 7, 107, 617
What are the prime factors of 11138533?
7, 53, 4289
What are the prime factors of 32900964?
2, 3, 29, 94543
List the prime factors of 1943926.
2, 823, 1181
List the prime factors of 1741025.
5, 11, 13, 487
What are the prime factors of 9438563?
9438563
What are the prime factors of 542206?
2, 7, 38729
What are the prime factors of 430970?
2, 5, 71, 607
What are the prime factors of 8366729?
7, 1195247
List the prime factors of 4469943.
3, 41, 36341
What are the prime factors of 2961761?
11, 269251
What are the prime factors of 576870?
2, 3, 5, 7, 41, 67
List the prime factors of 22868534.
2, 13, 61, 14419
List the prime factors of 6414468.
2, 3, 37, 14447
What are the prime factors of 696027?
3, 19, 12211
List the prime factors of 414956.
2, 227, 457
List the prime factors of 4672215.
3, 5, 53, 653
List the prime factors of 2108968.
2, 263621
List the prime factors of 509133.
3, 17, 67, 149
What are the prime factors of 7599072?
2, 3, 13, 6089
What are the prime factors of 665517?
3, 97, 2287
List the prime factors of 51832.
2, 11, 19, 31
List the prime factors of 7489478.
2, 1601, 2339
List the prime factors of 7959907.
7959907
What are the prime factors of 907606?
2, 7, 241, 269
What are the prime factors of 188899?
23, 43, 191
List the prime factors of 390068.
2, 7, 13931
What are the prime factors of 812367?
3, 90263
List the prime factors of 225354.
2, 3, 23, 71
List the prime factors of 9419200.
2, 5, 7, 29
List the prime factors of 735741.
3, 81749
What are the prime factors of 77236?
2, 19309
What are the prime factors of 2230176?
2, 3, 13, 1787
List the prime factors of 2398666.
2, 17, 70549
List the prime factors of 30272.
2, 11, 43
What are the prime factors of 46255?
5, 11, 29
What are the prime factors of 6592617?
3, 17, 53, 271
List the prime factors of 1148143.
43, 26701
What are the prime factors of 104009?
104009
List the prime factors of 911551.
73, 12487
List the prime factors of 25931886.
2, 3, 4321981
List the prime factors of 494509.
499, 991
What are the prime factors of 85621?
85621
List the prime factors of 2839276.
2, 11, 173, 373
List the prime factors of 549709.
37, 83, 179
What are the prime factors of 1439814?
2, 3, 317, 757
List the prime factors of 1654468.
2, 43, 9619
What are the prime factors of 2648439?
3, 103, 2857
What are the prime factors of 1436596?
2, 7, 51307
List the prime factors of 17902.
2, 8951
List the prime factors of 781415.
5, 131, 1193
What are the prime factors of 1247091?
3, 415697
List the prime factors of 15624342.
2, 3, 868019
List the prime factors of 916727.
7, 173, 757
List the prime factors of 1417096.
2, 19, 9323
List the prime factors of 3017426.
2, 61, 24733
List the prime factors of 98399.
7, 14057
List the prime factors of 866809.
181, 4789
What are the prime factors of 4645342?
2, 13, 373, 479
List the prime factors of 165845.
5, 41, 809
List the prime factors of 5714884.
2, 7, 53, 3851
What are the prime factors of 1164248?
2, 145531
What are the prime factors of 345095?
5, 69019
What are the prime factors of 5084628?
2, 3, 19, 29, 769
List the prime factors of 1199389.
1199389
List the prime factors of 99818.
2, 29, 1721
List the prime factors of 28986845.
5, 5797369
List the prime factors of 18530447.
13, 379, 3761
What are the prime factors of 1291119?
3, 31, 13883
List the prime factors of 6100085.
5, 83, 14699
List the prime factors of 19776925.
5, 7, 113011
List the prime factors of 195284.
2, 48821
List the prime factors of 875290.
2, 5, 13, 6733
List the prime factors of 4210737.
3, 1403579
List the prime factors of 146580.
2, 3, 5, 7, 349
List the prime factors of 10359092.
2, 433, 5981
List the prime factors of 15755282.
2, 1217, 6473
What are the prime factors of 5682317?
827, 6871
List the prime factors of 32984.
2, 7, 19, 31
What are the prime factors of 22646594?
2, 19, 595963
List the prime factors of 427739.
13, 2531
What are the prime factors of 11436064?
2, 357377
What are the prime factors of 3879013?
811, 4783
List the prime factors of 6682122.
2, 3, 17, 29, 251
What are the prime factors of 22070135?
5, 67, 65881
List the prime factors of 317909.
257, 1237
List the prime factors of 253035.
3, 5, 5623
What are the prime factors of 1136999?
1136999
List the prime factors of 10623.
3, 3541
List the prime factors of 157744.
2, 9859
What are the prime factors of 21593199?
3, 7197733
What are the prime factors of 5556003?
3, 89, 20809
What are the prime factors of 55271?
19, 2909
What are the prime factors of 2014199?
11, 71, 2579
What are the prime factors of 8429374?
2, 4214687
What are the prime factors of 38180510?
2, 5, 61, 62591
List the prime factors of 20986372.
2, 11, 29, 16447
List the prime factors of 305011.
7, 43573
List the prime factors of 18949193.
1609, 11777
What are the prime factors of 9613173?
3, 61, 131, 401
What are the prime factors of 124490?
2, 5, 59, 211
List the prime factors of 224926.
2, 13, 41, 211
List the prime factors of 176014.
2, 88007
List the prime factors of 1084490.
2, 5, 11, 9859
List the prime factors of 2409017.
13, 185309
What are the prime factors of 13434718?
2, 11, 31, 19699
List the prime factors of 5412439.
73, 74143
What are the prime factors of 890308?
2, 73, 3049
What are the prime factors of 8213378?
2, 97, 42337
List the prime factors of 85351.
7, 89, 137
List the prime factors of 83878.
2, 17, 2467
What are the prime factors of 3523497?
3, 1174499
List the prime factors of 160638.
2, 3, 41, 653
What are the prime factors of 1944164?
2, 486041
What are the prime factors of 124032?
2, 3, 17, 19
List the prime factors of 881965.
5, 7, 113, 223
List the prime factors of 2416992.
2, 3, 17, 1481
What are the prime factors of 6548762?
2, 11, 27061
What are the prime factors of 85313?
85313
What are the prime factors of 334296?
2, 3, 4643
List the prime factors of 251013.
3, 7, 11953
What are the prime factors of 5200325?
5, 13, 16001
List the prime factors of 185589.
3, 17, 1213
List the prime factors of 10751812.
2, 2687953
List the prime factors of 1750152.
2, 3, 72923
What are the prime factors of 127669?
127669
List the prime factors of 6997042.
2, 13, 269117
What are the prime factors of 3851397?
3, 11, 38903
What are the prime factors of 2884934?
2, 13, 17, 61, 107
List the prime factors of 33058199.
23, 1437313
List the prime factors of 27230892.
2, 3, 13, 173, 1009
List the prime factors of 626711.
626711
What are the prime factors of 189638?
2, 94819
What are the prime factors of 1121950?
2, 5, 19, 1181
List the prime factors of 1496267.
1496267
What are the prime factors of 532354?
2, 266177
List the prime factors of 2316846.
2, 3, 7, 55163
What are the prime factors of 962053?
67, 83, 173
What are the prime factors of 409144?
2, 199, 257
List the prime factors of 11147585.
5, 19, 271, 433
List the prime factors of 1425953.
1425953
List the prime factors of 2512483.
757, 3319
What are the prime factors of 84966?
2, 3, 7, 17
List the prime factors of 215565.
3, 5, 7, 2053
List the prime factors of 420292.
2, 179, 587
List the prime factors of 437133.
3, 19, 7669
List the prime factors of 7996920.
2, 3, 5, 103, 647
List the prime factors of 6575005.
5, 17, 103, 751
List the prime factors of 1688836.
2, 422209
List the prime factors of 7